9)). What is the greatest common divisor of 214 and w?
107
Let d(h) = 4*h**2 + 35*h - 152. Let z be d(-14). What is the greatest common factor of z and 568?
142
Let o(m) = 5*m**2 + 4*m + 2. Suppose k + 4*b = 26 - 9, -4*k + 5*b + 5 = 0. Let c be o(k). Calculate the highest common factor of 196 and c.
49
Let a be 165/((-20)/16 - -2). Calculate the greatest common divisor of 1012 and a.
44
Suppose -19*j + 20*j + 9 = 3*h, -2*h - 22 = 4*j. What is the highest common factor of h and 343?
1
Suppose v - 5*r - 128 = 27, 3*v = -4*r + 389. Calculate the greatest common divisor of 315 and v.
45
Let c = -20 + 24. Suppose 3*w + c = 16. Suppose 0 = -4*m + 3*s - s + 42, -w*m = 4*s - 12. Calculate the greatest common factor of m and 12.
4
Let f(c) = -c**3 - 7*c**2 - c - 10. Let b be f(-7). Let i be (-2 - b)*(-7 + 7). Let m be (-2)/(i - (0 + 8/12)). Calculate the highest common factor of m and 21.
3
Let g be 5 + 11/2*(-170)/119*-14. Calculate the greatest common divisor of g and 138.
23
Let f = -91 - -94. Let v be 7/(((-2)/(-3))/(5 - f)). Suppose -87 = -6*z + v. What is the highest common factor of 9 and z?
9
Let a = 89 + -86. Suppose a*d - 6*d + q + 14 = 0, 3 = 3*q. Calculate the greatest common divisor of 45 and d.
5
Let c(t) = -t**2 + 31*t + 365. Let q be c(38). Calculate the greatest common factor of 1413 and q.
9
Let q = 5204 + -5172. What is the highest common divisor of q and 488?
8
Let h = -5999 - -6032. Calculate the greatest common divisor of 341 and h.
11
Let t(d) = d**3 - 5*d**2 - 128*d + 534. Let z be t(4). Calculate the greatest common divisor of z and 1334.
2
Let h = 599 - 594. Suppose -97 = -4*a - h*u, -u = -a - 5*u + 38. What is the highest common divisor of a and 594?
18
Let c be 3*(0 + 1) + 10. Let f be (-3)/((-3)/(-10))*(-285)/30. Suppose -56 + f = 3*a. Calculate the greatest common factor of a and c.
13
Let a = 710 + -366. Let i = 669 - a. Calculate the greatest common divisor of 52 and i.
13
Let r be (-1)/(6*2/60) - -93. What is the highest common factor of 220 and r?
44
Let i be (-85764)/(-20) + 47/(-235). What is the greatest common factor of 64 and i?
64
Let g(r) = -8*r - 131. Let v be g(-25). Let k be (-1 - (-4 - -7)) + v. Suppose -19*i + 104 = -15*i. What is the greatest common factor of i and k?
13
Suppose -2 = -r + 2. Let o(u) = 2*u**3 - 6*u**2 - 6*u + 2. Let z be o(r). What is the greatest common factor of z and 90?
10
Let x = -263 - -265. Suppose -2*m + 13 = -x*q + 73, 5*m = 25. What is the highest common divisor of q and 70?
35
Suppose 0 = -r - 2*a + 17, -a + 0*a + 31 = 3*r. Suppose -r*c - 32 = -104. What is the greatest common divisor of 22 and c?
2
Suppose 53*h - 180 = 50*h. Suppose f - h = -11*f. Calculate the highest common divisor of f and 40.
5
Let i(n) = 1437*n + 33. Let y be i(1). Calculate the highest common divisor of 70 and y.
70
Let p be 11 - (-1392 - (-1 + 6)). What is the highest common divisor of 11 and p?
11
Let a = -29 + 47. Let x = 13731 - 13704. What is the highest common divisor of a and x?
9
Let n = 4946 - 4023. Calculate the highest common factor of n and 208.
13
Let h(s) = -s**3 + 10*s**2 + 2*s - 17. Let u be h(10). Suppose p - u*y = 37 - 4, -1 = y. Calculate the greatest common divisor of 195 and p.
15
Let p be -2*(1816/(-16) - -5)*7. What is the greatest common divisor of 1953 and p?
217
Let z be ((-56)/(-21))/((-1)/6). Let h = 18 + z. Suppose -m - h*m = -162. What is the greatest common divisor of m and 81?
27
Let g = 13964 + -13960. Calculate the greatest common factor of g and 416.
4
Suppose -124*q = -98*q - 9438. Calculate the greatest common divisor of 87 and q.
3
Let t(o) = -22*o**2 - 20*o - 132. Let i be t(-7). Let p = -811 - i. Suppose 46 + 65 = 3*g. Calculate the highest common divisor of p and g.
37
Let d = 614 - 592. Suppose 70 = 32*j - d*j. What is the highest common divisor of j and 763?
7
Let i be ((-8)/14 - 1404/(-252)) + -2. Let k(m) = -m**3 + m**2 - 6. Let p be k(0). Let c be p/(0 + -2)*5. Calculate the greatest common divisor of i and c.
3
Let s(w) = -77*w - 132. Let p be s(-5). Calculate the greatest common divisor of 44 and p.
11
Let s be (2 + 2 + -3)*-3 - 1. Let n be (-63)/s - 300/(-240). What is the greatest common divisor of 629 and n?
17
Suppose -15*u + 1447 = -743. Let r = u + -134. Calculate the highest common factor of r and 36.
12
Let n = 273 + -418. Suppose 20*d = 10*d - 2490. Let w = n - d. Calculate the greatest common factor of w and 13.
13
Suppose -105 = -3*z + 3*l, 10*l = -z + 15*l + 51. Suppose -6*n - 19 = -z. Calculate the greatest common divisor of n and 22.
2
Suppose -2*q = s - 6, 6*s = 2*s - q + 45. Let v = 30 + s. Let f(k) = -2*k + 6. Let c be f(0). Calculate the highest common divisor of c and v.
6
Suppose 5*i = 1 + 119. Let g be 5562/(-10) + 64/(-80). Let k = g - -560. What is the highest common divisor of k and i?
3
Let u(q) = 14*q - 40. Let g be u(6). Let l(z) = 20*z**2 - 94*z - 18. Let j be l(5). Calculate the highest common factor of j and g.
4
Let n(o) = -11*o - 83. Let b be n(-8). Suppose -b*i + 0*i = -2240. What is the highest common factor of i and 28?
28
Let v be 112/6*(-6)/(-4). Suppose 8*u + 46 = 4*p + 5*u, -2*u - 4 = 0. Let h be v*1 + -12 + p. Calculate the highest common divisor of h and 130.
26
Suppose 7588 = -7*g + 11025 + 9030. What is the greatest common factor of 137 and g?
137
Let m(z) = -z**3 - 57*z**2 + 153*z - 1164. Let j be m(-60). Calculate the greatest common factor of 168 and j.
24
Let t be (-6)/(18/(-15))*1. Suppose -7*s = -t*s - 80. Let f(o) = o**2 - 66*o + 443. Let x be f(59). What is the greatest common factor of s and x?
10
Let x = -6138 + 6144. Suppose r + 3*c - c - 22 = 0, 4*r - 127 = 5*c. Let a be 36/14*r/x + 0. What is the greatest common divisor of a and 48?
12
Let z be (12/3)/((-8)/(-6)). Let g be (-2 + z)*-1 + (-5)/(-1). Suppose 2*a - 6 = -g. What is the highest common factor of a and 10?
1
Suppose -26*k + 4022 + 703 + 657 = 0. What is the highest common divisor of k and 92?
23
Let g = 2168 - -11062. What is the highest common divisor of 98 and g?
98
Let y be ((-4)/44)/(2/(-61612)) + 432/(-792). Calculate the highest common divisor of 112 and y.
112
Let l(y) = 27*y - 234. Let x be 36*((-2)/(-13) + 133/741). Let k be l(x). Calculate the greatest common divisor of k and 45.
45
Let h(a) = 4*a**3 + a**2 - 14*a + 25. Let s be h(3). What is the highest common factor of s and 1100?
100
Suppose -24*f = -19*f - 3*a - 225, -f = -4*a - 28. Let c be 300/(-5)*(-28)/10. What is the greatest common factor of c and f?
24
Let m = 3890 - 3632. What is the greatest common divisor of 54 and m?
6
Let k = 16080 + -15737. Let q(l) = -l**3 - 3*l**2 + 3*l + 8. Let r be q(-6). Calculate the greatest common factor of r and k.
49
Suppose 5*g = -r - 231, 4*g - 642 = 3*r + 13. Let m = 231 + r. Calculate the highest common factor of 470 and m.
10
Suppose -2 = s + 2*k, -5*k + 2 = s + 7. Suppose s = i + 183 - 187. Calculate the greatest common factor of i and 44.
4
Suppose -u - 5*y + 21 = 0, 27 = 4*y + 31. Suppose u*f + 3*w - 1 = 27*f, -3*w = -9. Let a = -159 + 231. Calculate the highest common factor of a and f.
8
Let m = -36458 - -36636. What is the highest common divisor of m and 15486?
178
Let b(n) = n**2 + n + 1. Let r be b(-4). Let s be 10/4*(-95706)/(-2045). Calculate the greatest common factor of r and s.
13
Suppose 4*q + 346 = o + 3249, 0 = q + 2*o - 719. Let a(t) = -8*t**2 + 92*t + 6. Let z be a(11). Calculate the highest common factor of q and z.
25
Let t(j) = j**3 + 5*j**2 + 3*j + 1. Let p be t(-4). Suppose 0*o + 55 = p*o. Let x be (-6)/(-40) + 2890/3400. Calculate the highest common factor of x and o.
1
Suppose 0*a = 2*a + 416. Let b = 88 - a. Let c be (-777)/(-42)*(4 + -1*2). Calculate the greatest common factor of c and b.
37
Let w = 10 - -29. Suppose 2*t = -4*a + 16, -17 = -3*t - 3*a - 5. Let o be t/(-8 - -4) + 351. What is the greatest common factor of o and w?
39
Let o be 9 - 7 - -4*(9 + -1). What is the greatest common divisor of 30974 and o?
34
Let a(j) = -2145*j - 9454. Let y be a(-7). What is the greatest common divisor of y and 268?
67
Suppose -4*t = 2*y - 4, 3*y - 3*t = t + 36. Let s(x) = 16*x - 40. Let j be s(y). Let p = 40 - 32. Calculate the highest common divisor of p and j.
8
Let r(a) = 3*a**2 - 41*a + 743. Let x be r(15). Ca